s (-4)/u - 124582/(-24) a composite number?
True
Let i = -18 + 21. Suppose -2*n + i = r, -3*n - r + 3 = n. Is (-1)/(-2)*-1082*(n + -1) composite?
False
Let b = -8739 + 35110. Is b composite?
False
Let t = -292 + 201. Let y = t + 134. Is y prime?
True
Suppose -3*i - 78 = -5*i. Let q(b) = -11*b - 65. Let a be q(-8). Let j = i + a. Is j a prime number?
False
Suppose -s + 2*g - 3 = -4*s, -2*s + 2 = 3*g. Is 1*(2 - (4 - s)) + 1908 a prime number?
True
Let c(t) be the second derivative of 1/3*t**3 - 4*t - 5/2*t**2 + t**4 - 1/20*t**5 + 0. Is c(7) a prime number?
False
Let i(f) = -f + 5*f - f**2 + 9 - 11. Let u be i(2). Suppose -2*d + 4082 = 2*q + 3*d, -u*d = 0. Is q prime?
False
Let b(n) = 511*n**2 - 4*n - 19. Is b(6) a prime number?
True
Suppose -9*p + 9 = 45. Is (-1825404)/(-49) - p/28*-1 a prime number?
True
Let o(j) = 44*j**2 - 2*j - 367. Is o(-32) prime?
True
Suppose -3*i - 481702 = -4*f, 2*f = -2*f - i + 481710. Is f prime?
True
Let o(y) = 15*y**3 + 9*y**2 + 2*y + 23. Let l be o(7). Is l*(7 + -3 - 3) a prime number?
True
Let g be 2 + 1 + 19 + 1297. Let k(m) = m**3 - 5*m**2 + 3*m - 11. Let o be k(5). Suppose -g = -o*r + 4437. Is r composite?
False
Suppose 95 - 17 = 26*v. Suppose k - 60173 = -4*i + 6*k, v*k + 45132 = 3*i. Is i a prime number?
False
Let c be 4 + (0 - 4224987) + 8. Is (c/(-50))/(6/4) prime?
True
Suppose -13*x + 357032 = 104052. Let i = -9117 + x. Is i prime?
True
Is 164001 + (-1)/(19 - 13 - (-124)/(-20)) composite?
True
Suppose 266*x - 265*x + 3876126 = 10*z, z - 3*x - 387601 = 0. Is z prime?
True
Let a = 107 + -103. Let u be (-27)/(-6)*(-24)/9. Is (a/(u/(-51)) + 0)*7 a composite number?
True
Let o(j) = -2*j**3 - 26*j**2 + 5*j + 655. Is o(-26) prime?
False
Let t(m) = m**2 + 5*m - 4. Let k be t(-6). Suppose -3*o - k*c + 11819 = 0, 2*c = 3*o - 2*o - 3929. Is o a prime number?
False
Suppose -4*d = 8*f - 11*f - 3, 3*d - 5*f = 5. Suppose j + 2*j - s - 7712 = 0, -3*j + 3*s + 7722 = d. Is j a composite number?
True
Suppose -3*v - 668630 = -13*v. Suppose 1273 = -14*s + v. Is s prime?
False
Let r(f) = 21*f**3 + 4*f**2 - 14*f - 286. Is r(19) prime?
True
Let i(z) = z**3 + z**2 - 4*z - 11. Let v be i(-5). Let u = -91 - v. Suppose -m = -u*m + 5*n - 805, -3*n = -2*m + 1636. Is m a prime number?
False
Let a be (-5 - -4)*(7 + (-1 - 0)). Let w be (16/(-6))/4 - 6796/a. Let v = w + -191. Is v a composite number?
False
Let w = 67 - 63. Suppose w*i = 5*i - 2. Suppose -1473 = -i*t - 211. Is t a composite number?
False
Suppose 0 = 2*r - 4*r - 40. Let d(s) = -s - 25. Let w be d(r). Is (83/w)/(3/(-15)) composite?
False
Suppose -5*d + 8*d - 12487 = -5*k, -12527 = -3*d + 5*k. Suppose 0 = 5*o - 3*j - 20930, 3*o + d = 4*o - 4*j. Is o prime?
False
Let x = -84 + 86. Suppose 0 = -x*c - 7 + 7. Suppose 0 = 3*b + t - 6161, 3*t - 3 - 3 = c. Is b a composite number?
False
Suppose 7350 = -18*g + 12*g. Let r = -738 - g. Is r composite?
False
Let x = 2123 - 2124. Let q(i) be the third derivative of 163*i**5/60 + i**4/12 + i**2. Is q(x) a composite number?
True
Let r(f) = 8998*f**2 + 3*f - 2. Let o(g) = -2*g**2 - 44*g + 1. Let s be o(-22). Is r(s) a prime number?
True
Let w = 29202 - 3600. Suppose 0 = -6*z + 420 + w. Is z composite?
False
Let j = -43 - -43. Suppose 3*r + 732 = 3*u, -r + u + 2*u - 234 = j. Let t = 835 + r. Is t prime?
False
Let y = -40 + 42. Suppose -2*l - y*l + 28 = 0. Suppose -5*j = 3*c - 91, 2*c = 4*j - l*j + 59. Is c prime?
False
Let f(g) = 33*g**2 + 7*g + 16. Let r be f(-2). Suppose 0 = -2*p + p + 5*y + r, -10 = 2*y. Suppose 113*c - p*c = 5012. Is c a prime number?
False
Let t(a) = 17*a**3 - a**2 + 31*a + 3. Let h = -223 + 233. Is t(h) a prime number?
False
Let z be (-212804)/(-8) + 3/(-6). Let t = -143 + 203. Is z/t + (-1)/3 a composite number?
False
Suppose -o = 2*f - 7051, -3*o + 56*f + 21177 = 58*f. Is o a prime number?
False
Suppose -41*u + 36*u = -20. Suppose u*o + 8 = 0, 2725 = 2*d + o - 14275. Is d a composite number?
False
Is 60/65 - (-603314055)/585 a composite number?
True
Let f(o) = 449*o**2 + 15*o - 61. Is f(9) a composite number?
True
Suppose -3*y - 31*p = -27*p - 1629339, -3*y + p + 1629324 = 0. Is y composite?
True
Suppose p - 47617 = 50*x - 45*x, -5*x - 238005 = -5*p. Is p a prime number?
False
Suppose 3*h - 2*v - 46 = 0, 12*v - 13*v = -h + 15. Is (2 - (-10740)/h) + 12/(-48) a prime number?
True
Suppose -2*f - 2*t + 6224 = -3*f, 0 = 5*t - 15. Let o = -3925 - f. Is o a composite number?
False
Let t be ((-3010)/(-21))/((-4)/(-270)). Let w = -5941 + t. Is w prime?
False
Suppose 6*p = p + 94945. Suppose 9*h = -3041 + p. Let g = h + -1231. Is g prime?
True
Let m(b) = -4*b - 6553. Let q(l) = 2*l + 6551. Let a(z) = 2*m(z) + 3*q(z). Is a(0) a composite number?
False
Let y(f) = f**3 + 23*f**2 + 41*f - 18. Let m be y(-21). Suppose 0 = 2*p + 3*a - 8107, -m*p = -3*a - 14584 + 2446. Is p a composite number?
False
Is (-1)/1*1845744/(-48) prime?
True
Suppose -4*q + 2*s + 164262 = -48666, -159685 = -3*q - 4*s. Is q composite?
False
Let y(p) = -8*p - 92. Let z be y(-12). Is (-159824)/(-64) - (-3)/z composite?
True
Let s(c) = 819*c + 52. Let g(u) = 821*u + 50. Let h(o) = -4*g(o) + 5*s(o). Is h(7) composite?
False
Let b(q) = 2*q - 29. Let a be b(8). Let d be -5 + 5 - (-1 + a). Is d/21*(0 - (-1974)/4) prime?
False
Let p = 208 - 208. Suppose -b + 292 = d, p = -4*d + 3*b - 4*b + 1171. Is d prime?
True
Let d = -41488 + 69539. Is d composite?
False
Suppose 0 = -4*w - 2*p + 97266, w - 24705 = 3*p - 385. Is w prime?
True
Let j(f) = -476*f + 8. Suppose 3*c - 8 = -g, -5*g + c + 2 = -3*g. Let z be j(g). Let t = 3277 + z. Is t prime?
True
Let b = -7703 - -5276. Let l = 3598 + b. Is l composite?
False
Let c(p) be the second derivative of p**5/4 + p**4/8 - 3*p**3/2 + 37*p**2/2 - 43*p. Let z(x) be the first derivative of c(x). Is z(5) composite?
True
Let p(r) be the second derivative of -3/2*r**3 + 1/2*r**4 + 0 + 6*r - 17/2*r**2. Is p(-6) a composite number?
True
Suppose 3*f - 4*d + 7 = -5*d, 4*f + 2*d + 8 = 0. Is (2 - 1)*(-4241)/(-4 - f) composite?
False
Let p = 1437 - 418. Suppose -5*f + 11 = -f - 3*d, 3*f = -5*d + 1. Suppose p = f*c + v - 3645, 4*c = 3*v + 9338. Is c a prime number?
True
Let z be ((-64)/(-12))/(16/1464). Suppose a = 5*i - 9*i + 1990, 5*a - z = -i. Let r = 2029 - i. Is r composite?
False
Let p(m) = -m**2 + 2*m + 9. Let f be p(-3). Let z be f/(-2) + (0 - -94). Let x = z + -50. Is x a composite number?
False
Suppose 18*h + 4 = -50. Let k = -14 + 6. Is k/h - 3 - (-832)/12 prime?
False
Suppose -19*f = -3*b - 14*f + 1388308, 3*b = -2*f + 1388273. Is b a composite number?
True
Let b(y) = 1630*y**3 - y**2 + 4*y - 3. Let n be b(1). Suppose 390 = -2*v + n. Suppose -13*l + 9*l + v = 0. Is l composite?
True
Let u be (-2 - 1) + 5 + (-55)/5. Let q(y) be the third derivative of -y**4 + 5*y**3/6 - 2*y**2. Is q(u) a composite number?
True
Suppose 5*t - 16282 - 132913 = 0. Is t a prime number?
False
Let k be 4/(-10) - ((-232)/(-20) - -3). Is (-16 - k)*(-141 - 1) a composite number?
True
Let y(o) = 10258*o**2 - 107*o. Is y(-3) prime?
False
Suppose -67*c - 623839 = -70*c - 4*f, -f - 1039701 = -5*c. Is c composite?
False
Let g(z) = -41111*z - 100. Is g(-1) composite?
False
Suppose 3*b - 51 = 6*b. Let n = b - -21. Suppose 4*l = 4*v + 2092, -1123 = -n*l + 5*v + 971. Is l a prime number?
True
Let y(i) = 14732*i**2 - 191*i + 10. Is y(5) composite?
True
Suppose 91*m + 32*m = 16005823 - 2589844. Is m a prime number?
True
Let u(i) = 56349*i + 3106. Is u(5) composite?
True
Let b(v) be the first derivative of 5599*v**3/3 + 3*v**2/2 + 3*v + 42. Is b(-1) composite?
True
Let n = 99 + -79. Let w(f) = f**3 - 12*f**2 - 26*f + 19. Is w(n) prime?
True
Let a(z) = -z**2 + 24*z - 31. Let r be a(37). Let o = -291 - r. Is o a composite number?
True
Let f = -490 - -6872. Let l = f + -2597. Is l prime?
False
Is 29120 - (4 - -29)/(-11) prime?
True
Suppose 4*v = 0, 2*v = 2*g + 5*v. Suppose k + 5*t = 4*t + 839, g = 4*k - 3*t - 3370. Is k prime?
False
Let l = 2657 - 1598. Suppose -2*v + 4*v = 4. Suppose 0 = -r + v*r - l. Is r prime?
False
Let z(c) = -911*c + 38. Let a be z(5). Let l = -2672 - a. Is (1 - l/(-1)) + 1 composite?
False
Suppose -2*q - 10*j = -8*j - 91028, -3*q + 136524 = -3*j. Is q composite?
True
Suppose 55*i - 105 = 50*i. Let l(w) be the first derivative of 5*w**2 - 25*w - 2. I